n factor of 6 and 98286?
6
What is the highest common divisor of 7124 and 65?
13
Calculate the greatest common divisor of 99 and 660.
33
Calculate the highest common factor of 10239 and 3.
3
Calculate the greatest common divisor of 17 and 3.
1
What is the highest common divisor of 165 and 1760?
55
Calculate the greatest common divisor of 5269 and 22.
11
What is the greatest common divisor of 2450 and 100?
50
What is the greatest common factor of 16 and 716?
4
What is the greatest common divisor of 444 and 20?
4
Calculate the greatest common factor of 38 and 152.
38
Calculate the highest common factor of 88 and 11.
11
Calculate the highest common factor of 16 and 80.
16
What is the greatest common divisor of 341 and 11?
11
What is the highest common factor of 54 and 42?
6
What is the highest common divisor of 3078 and 1368?
342
What is the highest common factor of 25 and 155?
5
What is the greatest common factor of 530 and 20?
10
What is the greatest common divisor of 2173 and 41?
41
Calculate the highest common factor of 14400 and 225.
225
What is the greatest common divisor of 448 and 128?
64
Calculate the greatest common divisor of 120 and 280.
40
What is the highest common factor of 350 and 455?
35
Calculate the greatest common divisor of 118 and 5251.
59
Calculate the highest common divisor of 78 and 130.
26
What is the highest common divisor of 927 and 1751?
103
Calculate the greatest common factor of 150 and 120.
30
Calculate the greatest common factor of 650 and 200.
50
Calculate the highest common factor of 113 and 4633.
113
What is the highest common divisor of 391 and 34?
17
What is the greatest common factor of 345 and 20815?
115
What is the highest common divisor of 342 and 36?
18
Calculate the highest common divisor of 7290 and 20.
10
What is the greatest common factor of 46 and 8?
2
What is the greatest common divisor of 5 and 4990?
5
Calculate the highest common factor of 591 and 3.
3
Calculate the greatest common factor of 110 and 560.
10
What is the greatest common divisor of 292 and 37084?
292
What is the greatest common factor of 572 and 8?
4
Calculate the greatest common factor of 44 and 6028.
44
Calculate the greatest common divisor of 42 and 2184.
42
Calculate the highest common factor of 2 and 325.
1
Calculate the highest common factor of 3811 and 927.
103
What is the greatest common divisor of 85 and 2006?
17
Calculate the greatest common factor of 936 and 442.
26
Calculate the highest common factor of 28 and 5229.
7
What is the highest common factor of 2300 and 600?
100
What is the highest common factor of 1856 and 406?
58
Calculate the greatest common factor of 68 and 73916.
68
What is the highest common factor of 13 and 12740?
13
What is the greatest common factor of 75 and 50?
25
Calculate the greatest common factor of 76 and 1216.
76
Calculate the highest common divisor of 5201 and 21.
7
What is the highest common factor of 20 and 188?
4
What is the highest common factor of 2703 and 51?
51
Calculate the highest common factor of 1 and 1741.
1
What is the highest common factor of 19 and 57?
19
Calculate the greatest common divisor of 136 and 34.
34
What is the highest common factor of 192 and 1392?
48
What is the highest common divisor of 86 and 645?
43
What is the highest common divisor of 1441 and 143?
11
Calculate the greatest common divisor of 21 and 63.
21
What is the highest common factor of 36 and 264?
12
Calculate the greatest common divisor of 9213 and 111.
111
What is the greatest common factor of 208 and 16?
16
What is the greatest common factor of 56025 and 25?
25
Calculate the greatest common divisor of 220 and 3090.
10
Calculate the highest common factor of 209 and 38.
19
What is the greatest common factor of 128 and 480?
32
Calculate the highest common factor of 98 and 42.
14
What is the greatest common factor of 160 and 64?
32
What is the highest common divisor of 12 and 17388?
12
Calculate the highest common factor of 156 and 1664.
52
Calculate the greatest common divisor of 1309 and 14.
7
What is the greatest common factor of 4 and 44?
4
What is the highest common factor of 806 and 310?
62
What is the highest common factor of 30 and 9170?
10
Calculate the highest common factor of 108 and 270.
54
Calculate the highest common divisor of 609 and 42.
21
What is the highest common divisor of 484 and 11?
11
What is the greatest common factor of 8796 and 48?
12
Calculate the greatest common divisor of 1470 and 14.
14
Calculate the greatest common divisor of 13 and 1222.
13
What is the greatest common divisor of 31 and 403?
31
Calculate the highest common divisor of 33 and 561.
33
Calculate the greatest common divisor of 440 and 6200.
40
Calculate the highest common factor of 33 and 24.
3
What is the highest common divisor of 5 and 15?
5
Calculate the greatest common divisor of 40 and 620.
20
Calculate the highest common factor of 455 and 130.
65
What is the greatest common factor of 1525 and 25?
25
Calculate the greatest common divisor of 2820 and 3.
3
Calculate the greatest common factor of 140 and 28.
28
What is the highest common divisor of 50 and 650?
50
Calculate the highest common factor of 3425 and 274.
137
What is the highest common factor of 34960 and 10?
10
Calculate the greatest common factor of 133 and 126.
7
Calculate the highest common divisor of 75 and 2375.
25
What is the highest common factor of 291 and 13483?
97
What is the greatest common divisor of 1886 and 2870?
82
Calculate the greatest common factor of 2001 and 46.
23
What is the greatest common factor of 225 and 360?
45
Calculate the highest common divisor of 185 and 45.
5
Calculate the highest common factor of 84 and 4746.
42
Calculate the highest common divisor of 40 and 200.
40
Calculate the highest common divisor of 125 and 22300.
25
What is the greatest common factor of 520 and 4030?
130
What is the greatest common divisor of 18 and 2310?
6
What is the greatest common factor of 904 and 339?
113
What is the greatest common factor of 2090 and 342?
38
What is the highest common divisor of 5781 and 492?
123
Calculate the greatest common divisor of 110 and 2035.
55
What is the highest common factor of 6851 and 104?
13
What is the highest common divisor of 270 and 110?
10
What is the highest common divisor of 350 and 196?
14
What is the greatest common divisor of 3741 and 522?
87
What is the highest common factor of 1736 and 56?
56
Calculate the highest common factor of 4165 and 105.
35
Calculate the highest common divisor of 29 and 29.
29
What is the highest common divisor of 6910 and 15?
5
Calculate the highest common factor of 202 and 1313.
101
What is the greatest common divisor of 155 and 372?
31
Calculate the greatest common factor of 2759 and 62.
31
What is the greatest common factor of 128 and 72?
8
What is the greatest common divisor of 318 and 848?
106
What is the greatest common factor of 203 and 56?
7
What is the greatest common divisor of 48 and 18304?
16
What is the highest common factor of 24 and 2096?
8
Calculate the greatest common factor of 267 and 1424.
89
What is the greatest common factor of 16393 and 194?
97
What is the greatest common factor of 11170 and 10?
10
Calculate the highest common factor of 221 and 51.
17
Calculate the highest common factor of 7343 and 7.
7
What is the greatest common factor of 15 and 21?
3
Calculate the greatest common factor of 33 and 1331.
11
Calculate the greatest common divisor of 13 and 2782.
13
What is the highest common factor of 480 and 4020?
60
Calculate the highest common factor of 245 and 4753.
49
What is the highest common divisor of 207 and 253?
23
What is the highest common factor of 30 and 810?
30
Calculate the highest common factor of 45 and 3.
3
What is the highest common divisor of 1296 and 48?
48
Calculate the highest common divisor of 803 and 511.
73
Calculate the greatest common factor of 45 and 4110.
15
Calculate the greatest common factor of 699 and 15.
3
Calculate the highest common divisor of 872 and 981.
109
Calculate the greatest common divisor of 144 and 99.
9
Calculate the highest common divisor of 7 and 7854.
7
Calculate the greatest common factor of 24 and 24.
24
What is the greatest common factor of 710 and 1136?
142
What is the highest common divi